ghest common factor of 17 and 2.
1
Calculate the highest common factor of 106 and 20299.
53
Calculate the highest common factor of 17797 and 13.
13
What is the greatest common factor of 47 and 470?
47
Calculate the highest common factor of 14320 and 40.
40
Calculate the greatest common divisor of 172 and 1333.
43
Calculate the greatest common divisor of 70 and 2555.
35
Calculate the highest common divisor of 47 and 329.
47
What is the highest common divisor of 1227 and 3?
3
Calculate the greatest common factor of 527 and 68.
17
What is the highest common factor of 95 and 247?
19
What is the greatest common divisor of 1591 and 148?
37
What is the highest common factor of 135 and 55?
5
What is the highest common factor of 1554 and 42?
42
What is the highest common divisor of 13 and 62231?
13
Calculate the greatest common factor of 21 and 525.
21
Calculate the highest common factor of 26 and 416.
26
What is the greatest common factor of 27 and 27?
27
What is the greatest common divisor of 42 and 78?
6
Calculate the greatest common factor of 29 and 29.
29
What is the highest common factor of 746 and 4?
2
What is the highest common divisor of 78088 and 344?
344
What is the greatest common factor of 981 and 545?
109
Calculate the highest common divisor of 22 and 550.
22
What is the greatest common divisor of 7 and 7?
7
Calculate the highest common factor of 104 and 286.
26
Calculate the greatest common divisor of 4732 and 156.
52
Calculate the highest common factor of 41 and 1.
1
Calculate the greatest common factor of 24497 and 374.
187
Calculate the greatest common divisor of 240 and 105.
15
What is the greatest common divisor of 394 and 4?
2
Calculate the highest common divisor of 492 and 861.
123
Calculate the highest common factor of 62 and 434.
62
Calculate the highest common divisor of 480 and 330.
30
Calculate the greatest common divisor of 13031 and 157.
157
Calculate the highest common divisor of 188 and 4.
4
Calculate the highest common factor of 396 and 11.
11
What is the highest common factor of 1078 and 22?
22
What is the highest common divisor of 290 and 10?
10
What is the highest common divisor of 13 and 3?
1
What is the greatest common factor of 38291 and 11?
11
Calculate the highest common factor of 4 and 465.
1
What is the greatest common divisor of 58168 and 176?
88
Calculate the greatest common factor of 44 and 418.
22
Calculate the greatest common factor of 88 and 308.
44
What is the greatest common factor of 736 and 2806?
46
What is the greatest common divisor of 2242 and 38?
38
What is the highest common factor of 53 and 53?
53
Calculate the greatest common divisor of 633 and 14981.
211
Calculate the highest common divisor of 935 and 440.
55
What is the highest common factor of 18 and 456?
6
Calculate the greatest common factor of 50 and 800.
50
Calculate the greatest common factor of 504 and 216.
72
What is the greatest common divisor of 48 and 624?
48
Calculate the greatest common divisor of 4 and 566.
2
What is the highest common factor of 189 and 63?
63
Calculate the highest common divisor of 5052 and 36.
12
Calculate the greatest common factor of 77 and 1243.
11
Calculate the highest common divisor of 164 and 1066.
82
Calculate the greatest common factor of 3738 and 42.
42
Calculate the highest common factor of 46 and 8786.
46
Calculate the greatest common factor of 220 and 8690.
110
Calculate the greatest common divisor of 20 and 530.
10
What is the highest common factor of 20 and 16970?
10
What is the highest common divisor of 235 and 125?
5
What is the highest common divisor of 55 and 33?
11
Calculate the highest common divisor of 3901 and 47.
47
What is the highest common factor of 5467 and 142?
71
Calculate the greatest common divisor of 117 and 7644.
39
Calculate the highest common divisor of 33 and 22605.
33
What is the highest common factor of 18 and 96?
6
What is the greatest common divisor of 2104 and 16?
8
Calculate the highest common divisor of 1292 and 228.
76
What is the greatest common factor of 486 and 30?
6
Calculate the highest common divisor of 255 and 285.
15
What is the greatest common factor of 220 and 506?
22
Calculate the greatest common divisor of 17759 and 43.
43
What is the highest common divisor of 1417 and 2943?
109
Calculate the highest common divisor of 3172 and 676.
52
What is the highest common divisor of 1281 and 61?
61
What is the greatest common divisor of 221 and 130?
13
What is the highest common divisor of 29729 and 217?
217
Calculate the highest common divisor of 133 and 361.
19
What is the highest common factor of 1825 and 219?
73
Calculate the highest common divisor of 60 and 90.
30
What is the greatest common divisor of 182 and 2212?
14
Calculate the greatest common divisor of 1290 and 30.
30
Calculate the greatest common divisor of 410 and 41820.
410
What is the highest common factor of 190 and 304?
38
What is the highest common divisor of 48 and 32?
16
Calculate the highest common factor of 814 and 148.
74
Calculate the highest common factor of 160 and 352.
32
Calculate the greatest common divisor of 6 and 2382.
6
What is the greatest common divisor of 57 and 21?
3
What is the highest common divisor of 7616 and 144?
16
What is the highest common divisor of 1946 and 14?
14
What is the greatest common factor of 375 and 1275?
75
What is the greatest common divisor of 1376 and 43?
43
Calculate the greatest common factor of 216 and 576.
72
What is the greatest common factor of 747 and 243?
9
What is the highest common divisor of 20 and 25?
5
Calculate the greatest common factor of 252 and 14.
14
What is the highest common divisor of 440 and 165?
55
Calculate the highest common factor of 1220 and 20.
20
Calculate the greatest common factor of 2215 and 40.
5
What is the highest common factor of 1176 and 3381?
147
What is the greatest common divisor of 300 and 47100?
300
Calculate the highest common divisor of 210 and 610.
10
Calculate the highest common divisor of 9045 and 270.
135
What is the greatest common divisor of 4263 and 735?
147
Calculate the greatest common factor of 66 and 374.
22
Calculate the greatest common factor of 3728 and 64.
16
Calculate the highest common factor of 28 and 266.
14
What is the greatest common factor of 1846 and 26?
26
What is the greatest common factor of 150 and 258?
6
Calculate the highest common divisor of 84 and 126.
42
Calculate the highest common factor of 35 and 875.
35
What is the greatest common divisor of 5684 and 147?
49
Calculate the highest common divisor of 2941 and 51.
17
Calculate the highest common factor of 31243 and 398.
199
What is the highest common divisor of 52017 and 21?
21
What is the highest common divisor of 63 and 27?
9
Calculate the highest common divisor of 770 and 88.
22
What is the highest common factor of 207 and 45?
9
Calculate the greatest common divisor of 1024 and 8.
8
What is the highest common factor of 925 and 111?
37
Calculate the highest common factor of 118 and 6962.
118
What is the greatest common factor of 7999 and 95?
19
What is the highest common factor of 18 and 498?
6
Calculate the highest common divisor of 28 and 12.
4
What is the highest common factor of 3660 and 90?
30
What is the highest common divisor of 3 and 663?
3
What is the greatest common factor of 208 and 3692?
52
What is the highest common divisor of 126 and 36?
18
Calculate the greatest common factor of 558 and 2046.
186
Calculate the highest common divisor of 314 and 2983.
157
What is the highest common divisor of 425 and 275?
25
Calculate the highest common factor of 1632 and 306.
102
What is the highest common divisor of 5 and 80?
5
Calculate the greatest common divisor of 72 and 456.
24
What is the highest common divisor of 57 and 12?
3
Calculate the highest common factor of 135 and 30.
15
What is the greatest common factor of 224 and 512?
32
Calculate the highest common factor of 685 and 5069.
137
What is the highest common divisor of 300 and 240?
60
Calculate the highest common factor of 5 and 770.
5
What is the highest common divisor of 40 and 30?
10
What is the highest common divisor of 686 and 28?
14
Calculate the greatest common factor of 116 and 1711.
29
What is the highest common divisor of 256 and 64?
64
Calculate the g